e 9.
10161503
-25113111 (base 6) to base 3
-1111210101121
What is 123310302 (base 4) in base 2?
11011110100110010
Convert -179048 (base 14) to base 8.
-3130010
Convert -195467 (base 10) to base 6.
-4104535
What is 520a32 (base 11) in base 8?
3140306
Convert -154904 (base 13) to base 8.
-2000173
What is -61215 (base 12) in base 15?
-276ee
47a11 (base 11) to base 6
1251531
257041a (base 11) to base 10
4451369
Convert -16072 (base 8) to base 10.
-7226
22121011212 (base 3) to base 5
20404014
Convert -2132987 (base 10) to base 11.
-12275aa
-212110 (base 9) to base 13
-455a3
-100001110111110110100001 (base 2) to base 4
-201313312201
-415611 (base 8) to base 9
-230417
6621e (base 16) to base 2
1100110001000011110
Convert -1122122041 (base 5) to base 3.
-11202211121002
115032 (base 6) to base 14
39c8
Convert -eaf5f (base 16) to base 8.
-3527537
What is 12bcc5a (base 13) in base 5?
3003141113
Convert -145552515 (base 6) to base 3.
-12210102002002
-10110011000011011001010 (base 2) to base 16
-5986ca
What is 140152422 (base 7) in base 3?
122002202022220
10010101011110010111000 (base 2) to base 7
56426546
What is 420e (base 15) in base 12?
80b8
Convert -1686787 (base 9) to base 10.
-943243
-10642353 (base 7) to base 14
-1a499a
Convert 4689b51 (base 12) to base 15.
12e085d
Convert 185a467 (base 13) to base 14.
10b3bd7
Convert 1c91df (base 16) to base 2.
111001001000111011111
445714 (base 9) to base 13
944b9
Convert 1100101100010010111010 (base 2) to base 11.
1972823
What is -41122 (base 5) in base 16?
-a66
Convert -62882a (base 12) to base 4.
-11322102202
-2111243 (base 5) to base 7
-204422
101733254 (base 8) to base 13
377168c
What is -2267699 (base 10) in base 7?
-25163240
17076472 (base 8) to base 13
a8a4bb
What is 2132a2 (base 13) in base 16?
bdfe0
100202110222 (base 3) to base 8
567115
Convert -3552395 (base 10) to base 16.
-36348b
What is 550037 (base 8) in base 15?
39951
Convert 77540 (base 10) to base 11.
53291
What is -3272981 (base 11) in base 4?
-111322020020
Convert 19c82 (base 15) to base 4.
110131232
-9642036 (base 10) to base 13
-1cc7961
What is -1503331 (base 6) in base 2?
-10101000100100111
Convert -321288 (base 9) to base 16.
-2eb08
What is 100010011110100010010001 (base 2) in base 10?
9037969
443021314 (base 5) to base 7
22230250
What is 3203335 (base 6) in base 7?
1220453
-313312033 (base 4) to base 5
-24310001
Convert -11001010001001011001 (base 2) to base 7.
-10015655
Convert -2bd9ce (base 15) to base 3.
-10222210110012
Convert 8587d (base 16) to base 5.
120000231
-1c0c30b (base 14) to base 10
-14016951
-103812 (base 16) to base 8
-4034022
Convert -291aa57 (base 11) to base 5.
-2241144204
Convert 1314283 (base 10) to base 2.
101000000110111101011
Convert -2e7890 (base 16) to base 12.
-102a554
1a84a8 (base 15) to base 7
13665446
What is 179ba1c (base 15) in base 6?
1412403313
Convert -b7055d (base 14) to base 10.
-6186039
Convert -421a3 (base 15) to base 5.
-23202003
Convert -2144222120 (base 5) to base 9.
-8722252
-103b465 (base 13) to base 12
-17a1376
What is 3333345 (base 7) in base 4?
1210202010
Convert -17b734 (base 13) to base 11.
-378276
What is -107a80 (base 11) in base 16?
-29e92
-1402423001 (base 5) to base 4
-31211120221
Convert c054c (base 14) to base 9.
773717
Convert 16483136 (base 9) to base 7.
130142133
1142136 (base 7) to base 4
203112312
33757233 (base 8) to base 14
d8bb75
Convert -826ad (base 15) to base 4.
-1210321033
What is ca51a (base 13) in base 8?
1312002
-21d1f (base 16) to base 5
-13413102
252401 (base 11) to base 14
a52d0
-c15307 (base 14) to base 5
-3131202434
Convert -272240 (base 8) to base 12.
-47254
What is -1b9bc (base 13) in base 9?
-82558
Convert -1111001000110110100 (base 2) to base 9.
-835408
Convert -47b15a (base 12) to base 9.
-2156727
Convert -b36883 (base 16) to base 12.
-3b30283
Convert 1a43858 (base 14) to base 5.
11321240233
What is -346310 (base 8) in base 2?
-11100110011001000
What is 36412 (base 10) in base 7?
211105
Convert 430245021 (base 6) to base 9.
15232844
Convert 11012133023 (base 4) to base 13.
37a8c7
-257050 (base 9) to base 2
-100110000110010011
What is -150ad5 (base 16) in base 5?
-323112104
Convert -27283 (base 15) to base 13.
-4513b
What is 11101110010010 (base 2) in base 11?
10504
What is 15253432 (base 7) in base 2?
101100100000111011111
What is -31343041 (base 5) in base 7?
-2141432
What is -1011000110101101110 (base 2) in base 8?
-1306556
What is 123214501 (base 6) in base 10?
2397349
1101001001101111000100 (base 2) to base 10
3447748
Convert 4608576 (base 9) to base 10.
2486364
Convert -256829 (base 10) to base 6.
-5301005
Convert 2033300140 (base 5) to base 4.
100000220320
Convert -3742175 (base 8) to base 11.
-646401
What is 101324101 (base 5) in base 3?
210012120022
-23a0b3 (base 12) to base 2
-10001100111100000111
Convert 3305201 (base 6) to base 15.
33ad4
What is 105395 (base 14) in base 10?
552263
What is -333222 (base 4) in base 13?
-1b15
-3114034 (base 6) to base 3
-21121122211
What is 10231445 (base 6) in base 4?
1021023311
What is -13302023 (base 4) in base 13?
-11687
What is 2569968 (base 12) in base 7?
116352233
What is 54e1b5 (base 15) in base 11?
231464a
What is 3c9136 (base 15) in base 4?
23013332310
5803204 (base 9) to base 14
5b754a
What is 4212334 (base 5) in base 15?
159ce
What is 1b64dc (base 16) in base 2?
110110110010011011100
Convert 1444436 (base 8) to base 12.
17a47a
What is -10310012 (base 5) in base 6?
-1520004
2156506 (base 7) to base 2
1000001000010110011
Convert -34123 (base 11) to base 14.
-14001
Convert -48895 (base 11) to base 6.
-1301220
What is 20011122212 (base 3) in base 4?
131222120
-13052565 (base 7) to base 14
-22d6a5
What is 1100110000001 (base 2) in base 15?
1e04
Convert -29081b (base 16) to base 5.
-1142022201
What is -a152 (base 16) in base 5?
-2310143
Convert 2509266 (base 13) to base 15.
102b5a3
3b63bc (base 14) to base 9
3768486
What is 100010011111110 (base 2) in base 15?
5377
What is 61436204 (base 8) in base 2?
110001100011110010000100
Convert 54332 (base 10) to base 6.
1055312
-29b021a (base 13) to base 14
-1aa6711
-1100100110110101101001 (base 2) to base 13
-8b9311
Convert -8034b (base 14) to base 10.
-307983
Convert -30122022300 (base 4) to base 16.
-31a2b0
4e7483 (base 15) to base 14
70233c
Convert 675731 (base 8) to base 2.
110111101111011001
Convert 23031221300 (base 4) to base 12.
b99128
Convert dda1c (base 16) to base 14.
198b92
What is d622b (base 14) in base 9?
866210
Convert a928 (base 15) to base 10.
35813
-57822 (base 11) to base 2
-10100011000111010
What is -115043104 (base 6) in base 7?
-24455134
Convert 444632 (base 8) to base 15.
2e644
-10219 (base 12) to base 11
-148a2
Convert 500343 (base 7) to base 16.
148f5
-1010011111100010010010 (base 2) to base 6
-134542150
Convert 243aa (base 13) to base 9.
111262
Convert 82b9d (base 14) to base 9.
530223
What is -111100110111111 (base 2) in base 14?
-b503
Convert c18a (base 14) to base 4.
20013132
What is 9de33 (base 16) in base 3?
1012212010010
What is -1101010100000100000 (base 2) in base 11?
-278847
What is 1eac3 (base 15) in base 5?
11202213
Convert 23c03 (base 15) to base 14.
2d806
What is 1cd538 (base 14) in base 8?
3746376
9b0d8 (base 16) to base 7
5253410
What is 1010413 (base 7) in base 14?
31b7a
What is 28850 (base 10) in base 6?
341322
Convert 141a13 (base 11) to base 7.
1613504
What is 10818c (base 13) in base 2?
1011111000000100010
-221124 (base 9) to base 8
-401724
What is -5123353 (base 6) in base 16?
-3bad5
Convert -234043 (base 5) to base 3.
-102212022
Convert -215280 (base 11) to base 16.
-53eb0
-523575 (base 13) to base 16
-1d505f
-1636946 (base 10) to base 2
-110001111101001010010
What is 7a533 (base 15) in base 11?
246538
3dc509 (base 15) to base 9
5537800
What is -11023132333 (base 4) in base 8?
-5133677
-6476473 (base 8) to base 9
-3235303
What is 516433 (base 8) in base 7?
1312251
Convert -138f1 (base 16) to base 9.
-131804
What is -62411 (base 13) in base 3?
-22222001012
240134033 (base 5) to base 9
2054818
What is 751974 (base 12) in base 3?
10110220211021
Convert -11011000001010100001111 (base 2) to base 16.
-6c150f
What is 31331122 (base 4) in base 13?
20044
What is 1003541 (base 7) in base 2?
11101000010101000
Convert 68a74 (bas